8211 a composite number?
False
Is 825269723 a prime number?
True
Is 33285941 a prime number?
False
Is 191495 prime?
False
Is 933601 prime?
True
Is 200227 a composite number?
False
Is 349017997 a composite number?
False
Is 121747 a prime number?
False
Is 20899897 a prime number?
True
Is 69007161 a prime number?
False
Is 11697811 a composite number?
False
Is 21126169 prime?
True
Is 641713 a prime number?
True
Is 964081 prime?
True
Is 387207779 prime?
False
Is 177071833 composite?
True
Is 137214799 a composite number?
True
Is 41421533 composite?
False
Is 25643663 a composite number?
False
Is 218218019 a prime number?
True
Is 14521447 composite?
True
Is 15146419 a prime number?
False
Is 305933153 a prime number?
True
Is 1609477 a prime number?
True
Is 89680217 a composite number?
True
Is 6677129 a prime number?
True
Is 420891893 a prime number?
True
Is 316007689 composite?
True
Is 7725817 prime?
False
Is 1893719 a prime number?
True
Is 31950881 a prime number?
True
Is 9320851 a prime number?
True
Is 6619589 a composite number?
False
Is 293078 a composite number?
True
Is 925895471 prime?
True
Is 587087 composite?
False
Is 68815619 a composite number?
True
Is 2965597 prime?
False
Is 14444057 a composite number?
False
Is 28358651 a prime number?
True
Is 43957993 composite?
True
Is 3817617 composite?
True
Is 9871991 composite?
True
Is 2697881 composite?
True
Is 8119003 a composite number?
True
Is 2450503 a prime number?
False
Is 43546801 prime?
False
Is 2761359715 composite?
True
Is 255401 a prime number?
False
Is 217411879 composite?
False
Is 398646071 composite?
False
Is 2684219 a prime number?
True
Is 50416213 composite?
False
Is 2620619 composite?
False
Is 10881251 a composite number?
False
Is 12825107 prime?
True
Is 244509467 composite?
False
Is 1028267 a prime number?
False
Is 33990737 a prime number?
False
Is 2211593 prime?
True
Is 451277 composite?
False
Is 32009798 a composite number?
True
Is 8844999 composite?
True
Is 29070127 a composite number?
True
Is 3138847 a prime number?
True
Is 40642487 composite?
True
Is 6751883 prime?
True
Is 3732247 composite?
True
Is 1005821 a composite number?
False
Is 5644841 prime?
False
Is 22854787 composite?
False
Is 485834689 prime?
False
Is 158753717 prime?
False
Is 119518349 prime?
True
Is 11269919 prime?
True
Is 560999 composite?
True
Is 6114593 composite?
False
Is 3699587 prime?
False
Is 1657658 a composite number?
True
Is 620941 prime?
False
Is 163385947 a composite number?
False
Is 966134131 composite?
False
Is 46157077 a composite number?
False
Is 24452569 a composite number?
False
Is 51748481 prime?
True
Is 96105497 a prime number?
True
Is 4529501 a prime number?
False
Is 77475979 a prime number?
False
Is 56105281 a composite number?
True
Is 571664281 prime?
True
Is 2238233 composite?
False
Is 3533839 composite?
False
Is 1615711 prime?
False
Is 2800409 a prime number?
False
Is 5303461 composite?
True
Is 6967861 composite?
False
Is 106698271 prime?
False
Is 52748719 a prime number?
True
Is 8591663 composite?
False
Is 364067257 a composite number?
True
Is 2547581 a prime number?
True
Is 8162417 prime?
False
Is 30461 prime?
False
Is 129380903 a composite number?
False
Is 13117711 a prime number?
True
Is 294512983 a composite number?
False
Is 1241863 composite?
True
Is 13616159 composite?
True
Is 110534293 prime?
True
Is 154820923 prime?
True
Is 2174587 composite?
False
Is 117206731 a composite number?
True
Is 505949 a composite number?
False
Is 37907101 prime?
False
Is 1389961 a prime number?
True
Is 181907723 a composite number?
True
Is 10189406 composite?
True
Is 36937759 a prime number?
False
Is 377671771 composite?
True
Is 786853 composite?
True
Is 7412447 a composite number?
True
Is 2701165 a prime number?
False
Is 293617 a prime number?
True
Is 113921 prime?
True
Is 14316569 a composite number?
False
Is 235267189 a prime number?
True
Is 4077539 a composite number?
True
Is 1097413 a prime number?
True
Is 15188423 a prime number?
True
Is 12697151 a prime number?
True
Is 37104845 composite?
True
Is 6868135 a prime number?
False
Is 142858801 a composite number?
True
Is 8200067 composite?
True
Is 2071153 composite?
True
Is 8043757 a composite number?
True
Is 59240891 a prime number?
True
Is 754679 composite?
True
Is 465906209 composite?
False
Is 15741389 a composite number?
True
Is 1059737 a prime number?
False
Is 31311647 a prime number?
True
Is 11848111 a prime number?
False
Is 1138663 composite?
True
Is 4390277 a composite number?
True
Is 280228462 a composite number?
True
Is 423457 prime?
True
Is 21141821 a prime number?
True
Is 2650727 a prime number?
False
Is 147486211 a composite number?
False
Is 53642345 prime?
False
Is 187637923 prime?
False
Is 3762643 composite?
True
Is 5770979 prime?
True
Is 74766863 prime?
False
Is 284827 composite?
True
Is 238903 a composite number?
True
Is 11743811 a prime number?
False
Is 1951701 prime?
False
Is 922555 prime?
False
Is 58431049 a prime number?
False
Is 4371149 a composite number?
True
Is 65113253 a prime number?
False
Is 25596959 prime?
True
Is 8292629 prime?
True
Is 2198981 a composite number?
False
Is 616097 a prime number?
False
Is 5343857 composite?
False
Is 30684931 prime?
False
Is 2684003 composite?
True
Is 19303433 prime?
True
Is 3747539 composite?
False
Is 1057351 a composite number?
True
Is 1059629 a composite number?
True
Is 275239 a prime number?
False
Is 1877537 composite?
True
Is 2749909 composite?
True
Is 33539167 a prime number?
False
Is 224507 prime?
False
Is 67503043 composite?
True
Is 6771533 composite?
False
Is 423958 a composite number?
True
Is 140165281 a prime number?
True
Is 3124279 composite?
False
Is 2696033 composite?
True
Is 851847 prime?
False
Is 2706989 a composite number?
False
Is 35045761 composite?
False
Is 20140559 a prime number?
True
Is 1306181 a composite number?
False
Is 6145829 a prime number?
True
Is 21247 a composite number?
False
Is 27548999 prime?
False
Is 417071 composite?
True
Is 11990373 composite?
True
Is 6414719 prime?
True
Is 1745213 a prime number?
True
Is 210102197 a prime number?
True
Is 313879 a prime number?
True
Is 26186045 a prime number?
False
Is 137333467 a prime number?
True
Is 17620501 a composite number?
False
Is 8788121 composite?
False
Is 266338 prime?
False
Is 39603971 a composite number?
True
Is 20147603 composite?
True
Is 74102026 a prime number?
False
Is 3190139 a composite number?
False
Is 11184857 a composite number?
False
Is 12436213 composite?
True
Is 146523073 a composite number?
False
Is 141884291 a prime number?
True
Is 4298339 prime?
True
Is 13527593 a prime number?
True
Is 5705783 composite?
False
Is 337193473 prime?
False
Is 238805207 composite?
False
Is 172531 a composite number?
True
Is 127992829 a prime number?
False
Is 689312087 a prime number?
True
Is 59531947 a prime number?
True
Is 208209491 composite?
True
Is 3859277 prime?
True
Is 29179 a composite number?
False
Is 744353 prime?
True
Is 13881437 a prime number?
True
Is 80454877 a prime number?
True
Is 30807743 a composite number?
False
Is 27157987 prime?
True
Is 133932499 composite?
False
Is 89865529 composite?
True
Is 52552771 composite?
False
Is 28881299 a prime number?
True
Is 1256492639 a composite number?
False
Is 41306327 composite?
False
Is 771149 prime?
False
Is 39449315 prime?
False
Is 45819671 composite?
True
Is 135903347 a composite number?
True
Is 10114693 composite?
True
Is 793963 a prime number?
False
Is 20265299 prime?
True
Is 12606473 a prime number?
False
Is 106040437 a prime number?
True
Is 51434171 a composite number?
False
Is 1488985 prime?
False
Is 6423163 a prime number?
False
Is 1711639 composite?
False
Is 12491689 prime?
False
Is 25866157 a composite number?
True
Is 899681 prime?
True
Is 7197711 prime?
False
Is 474751 a prime number?
True
Is 208521421 a composite number?
False
Is 577061 a prime number?
False
Is 425973 prime?
False
Is 1830481 a prime number?
True
Is 14136767 a composite number?
False
Is 44765609 prime?
False
Is 25218857 composite?
False
Is 10305727 composite?
True
Is 1440775213 prime?
True
Is 74984323 a prime number?
False
Is 59379227 prime?
True
Is 1282867 composite?
False
Is 23408791 composite?
True
Is 1864505 a prime number?
False
Is 52403777 a composite number?
False
Is 32